 (3/r + 0)*-6. What is the highest common factor of 36 and x?
6
Let o(f) = 5*f - 6. Let t be o(6). Let c = 275 - 142. Suppose 0 = 2*j + 4*a - c - 3, -5*a = -5*j + 280. What is the greatest common divisor of t and j?
12
Suppose 0 = -4*p + 3*p - 14. Let n be (-6)/(-21) + (-402)/p. Let h = n + 6. Calculate the highest common factor of h and 14.
7
Suppose 0*n - n = -2. Let g = 60 - 50. What is the greatest common factor of g and n?
2
Let t(a) = -a**3 + 6*a**2 - 6*a + 6. Let v be t(5). Let d = v - 0. Let m be (0 - d) + 12/3. Calculate the highest common factor of m and 33.
3
Suppose -3*z - 4*d - 45 = -6*z, 0 = 2*z - 2*d - 30. Suppose r + r - 5*w - 115 = 0, 5*r - 2*w = 298. Calculate the highest common divisor of z and r.
15
Let p be 1 + (0 - 0) - -186. Suppose -2*o - 13 + 47 = 0. Calculate the highest common factor of o and p.
17
Let s(i) = -i**2 - 16*i + 2. Let d be s(-14). Let z = -15 - -21. What is the highest common divisor of z and d?
6
Suppose 3*d + 17 + 1 = 0. Let v(l) = -l**2 - 7*l - 4. Let x be v(d). Suppose -x*m - 1 + 15 = 0. Calculate the highest common divisor of m and 49.
7
Suppose -4*i - 8 = -208. What is the highest common factor of 20 and i?
10
Suppose 0 = -4*i + 19 - 67. Let p = 24 + i. What is the greatest common divisor of p and 24?
12
Let z = 113 - 73. Let r = -3 + 8. Suppose 0 = r*a - 34 - 6. Calculate the highest common divisor of a and z.
8
Suppose 6*m - 3145 = m. Suppose -3*p + 4*p - y = 123, -5*p + m = 2*y. Calculate the greatest common divisor of p and 25.
25
Suppose -t + 4 + 0 = -4*y, 3*t + 14 = -y. Let r be (y/3)/((-1)/(-24)). Let p = r + 24. What is the highest common factor of p and 72?
8
Let a(u) = u**3 + 12*u**2 - 13*u + 6. Let s be a(-13). Calculate the greatest common factor of 1 and s.
1
Let g = 27 + 9. Suppose 2*j = 4*p - 16, -2*p + 0*j + 8 = 2*j. Calculate the highest common divisor of p and g.
4
Suppose 2*i + 6 = 2*j, 4*i = -5*j + 2*i - 20. Let n(u) = -14*u + 2. Let f be n(j). What is the greatest common factor of f and 75?
15
Suppose -4*g - 6*g + 1360 = 0. What is the highest common divisor of g and 34?
34
Let u(p) = 43*p - 1. Let l = -4 + 5. Let v be u(l). Suppose -3*r - 5*k + 35 + 17 = 0, -3*r + 2*k + 38 = 0. Calculate the highest common divisor of r and v.
14
Let y = 6 - -2. What is the highest common factor of y and 8?
8
Let i = -1 - -2. Calculate the highest common divisor of i and 25.
1
Let c(n) = 10 + n**2 + 2*n - 4*n + 0*n**2. Let p be c(0). Calculate the greatest common factor of p and 40.
10
Let z(s) = 4*s. Let j be z(-7). Let w be (2/(-2) - j) + 0. What is the highest common factor of 9 and w?
9
Let h be 2/(-10) + (-244)/(-20). Suppose 5*x = -3*m - 2, -m - 1 = -4*x - 23. Calculate the highest common divisor of m and h.
6
Let v = 3 + 1. Let u(d) = 4*d - 3. Let z be u(2). Suppose l = -q - 0*l, z*q - 2 = -v*l. What is the highest common factor of 16 and q?
2
Let z(g) = g - 5. Let c be z(8). Let b = c - -3. What is the highest common divisor of b and 15?
3
Let w be 15 - (0 + -1 + 2). Suppose -5*b = -4*r - 1130, -4*b = -b - 2*r - 680. Let q = -76 + b. What is the greatest common factor of w and q?
14
Let v = 122 + 21. What is the greatest common divisor of 13 and v?
13
Suppose 0*f = 4*f - 128. Suppose 5*c - x = 20, 4*c - 16 = -3*x - x. Calculate the greatest common factor of f and c.
4
Suppose 2*w + 120 = 2*k + 3*k, 2 = k + 4*w. Calculate the greatest common divisor of k and 33.
11
Let f be 1/(-4*(-1)/56). What is the highest common divisor of 154 and f?
14
Let s = 12 + -9. Suppose s = -2*t + 43. Suppose -u - 4*u + 4*v = -820, u + v - 155 = 0. What is the highest common factor of u and t?
20
Let i(r) = r**3 - 2*r**2 - 3*r. Let k(w) = w**2 - 6*w + 4. Let a be k(6). Let s be i(a). What is the highest common divisor of s and 180?
20
Let q(b) = b**3 + 6*b**2 - 9*b - 6. Let t be q(-6). Calculate the greatest common factor of 12 and t.
12
Let p be 81/(-9)*(-2)/2*6. What is the highest common factor of p and 486?
54
Let l be 0/((-3*1)/3). Suppose 3*d - z + 9 = -4*z, -2*d - 4*z - 12 = l. Suppose -3*r - 2*r + 825 = d. Calculate the greatest common factor of r and 15.
15
Suppose c + 56 = 3*c. Let l = c + -14. What is the highest common divisor of l and 2?
2
Let w(p) = 18*p - 3. Let i be w(3). Let d = i + -34. Calculate the greatest common divisor of d and 17.
17
Let o be 1 + (-8)/(-4) + -1. Let z be (-4)/o - (-350)/10. What is the highest common factor of 11 and z?
11
Suppose -2*m = -3*w - 327, 3*m - 277 = 3*w + 212. Suppose 4*y + m = 6*y. Calculate the highest common factor of y and 9.
9
Suppose -4*n + 2*n = -8. Let i be (0 + 0/(-2))/(-2). Suppose -3*d - 12 = i, n*o + d - 37 = 55. What is the greatest common divisor of 60 and o?
12
Let i = 8 + 7. Suppose -4*t - i = -7*t. Suppose t*u = 2*j + 12, j = 2*j - 4. Calculate the greatest common factor of u and 32.
4
Let o be 0 - (-5*1)/(-1). Let t = -19 - o. Let f = t + 21. What is the greatest common divisor of 14 and f?
7
Let a = -18 - -24. Calculate the greatest common divisor of 9 and a.
3
Suppose -5*w - 15 = -3*b, -w + 6 = b - 7. Calculate the highest common factor of 30 and b.
10
Let u be -8*3/(-2) + 4. Calculate the highest common divisor of 176 and u.
16
Let j be (-492)/(-20) - (-4)/10. Suppose 5*g = 2*k - j + 2, -4*k + 13 = g. Let c be (-120)/(-9) - k/(-6). What is the greatest common factor of 14 and c?
14
Let a(x) = x. Let d be a(-1). Let t = 7 + d. What is the highest common factor of 15 and t?
3
Let y be 52 - 15/20*4. What is the highest common divisor of 7 and y?
7
Let f = -13 + 18. Suppose 2*c - f*c + 120 = 0. Calculate the highest common divisor of c and 100.
20
Suppose 4*d - 21 + 5 = 0. Suppose -d*b = -12, -t = -6*t + b + 57. Suppose -c + 31 = 7. Calculate the highest common divisor of t and c.
12
Suppose -28 + 91 = -3*j. Let t be (36/10)/(j/(-280)). Calculate the highest common factor of t and 6.
6
Suppose 4*r = -5*c + 98, -5*c + c = -3*r - 66. Suppose 4*g + 36 = -0*g. Let t = g + c. Calculate the highest common factor of t and 6.
3
Suppose 4*w - 140 = 40. Suppose 3*t - 8*t + w = 0. Calculate the greatest common divisor of t and 1.
1
Suppose -7*u + 208 = 61. Calculate the highest common factor of u and 7.
7
Suppose 2*c - 32 = -0*c. What is the highest common factor of 16 and c?
16
Let p = -3 + 8. Let a(b) = -3 - 2*b**3 + 7*b**2 - 3 - 4*b + b**3. Let r be a(p). What is the highest common factor of 3 and r?
3
Let i be (2/(-2))/(4/(-12)). Let u be (-6)/3 - (i + -20). What is the greatest common divisor of u and 45?
15
Let n(z) = z**2 - 7*z + 2. Let a be n(8). Suppose -t + a = 3. Suppose -5*f + 0*f + 25 = 0, 13 = 2*r - 3*f. What is the highest common factor of r and t?
7
Let c(f) = -f**2 - 4*f. Let o be c(-4). Suppose o*y = 4*y - 32. Suppose -a - 3*a = -y. What is the greatest common divisor of a and 2?
2
Let a be (-20)/(-3) - 2/3. Let j(l) = -l**2 + 14*l. Let b be j(a). What is the greatest common factor of b and 12?
12
Let i be ((-42)/3)/(4/(-4)). What is the greatest common factor of i and 56?
14
Let i be (-303)/(-6) - 2/4. Let j = -27 + 40. Suppose -s + j = -7. Calculate the greatest common factor of s and i.
10
Let c = 1 + -17. Let m = c - -26. What is the greatest common divisor of m and 80?
10
Let v be (-2 + 11)*5/3. Suppose 13 = n - v. What is the highest common factor of 42 and n?
14
Let f be (-45)/(-6) - 2/4. Suppose 40 = v + f. Calculate the highest common factor of v and 11.
11
Let q be ((-6)/(-4))/(18/72). Calculate the highest common divisor of q and 9.
3
Suppose -3*f + d = -3*d - 6, 2*f + 5*d - 4 = 0. What is the greatest common divisor of 2 and f?
2
Let n be (0 - -1)/((-7)/(-126)). Calculate the greatest common factor of 9 and n.
9
Let i be (-2)/(-8) - 428/(-16). Calculate the greatest common factor of 18 and i.
9
Let k be 101 - (-1)/(-1)*2. Suppose 0 = -a - 1 + 2. Suppose y + a = 4*f - 10, 3*y - 2*f = 17. What is the highest common factor of k and y?
9
Let u be (-2*(-33)/(-6))/(2/(-2)). What is the highest common factor of 44 and u?
11
Let g be ((-6)/(-4))/(5/120). Calculate the highest common divisor of 72 and g.
36
Let c be 0 + (32 - (0 + -2)). Suppose 2*y = 3*y - c. Suppose 5*l - 10 = 10, 4*k - 4*l = 52. What is the greatest common divisor of k and y?
17
Let d(b) = 15*b - 2. Let q be d(2). Let p = -268 - -282. Calculate the highest 